 units digit of x(14)?
3
Let r = 2196 - 1505. What is the hundreds digit of r?
6
Let h(y) = -15 - 5*y**2 + 5*y**2 + y - y**3 + 10. What is the units digit of h(-3)?
9
Let f be (16 + -13)*16/(-3). What is the tens digit of -2 + 172/(f/(-4))?
4
Let q(s) = -s - 6. Let w be q(-8). Suppose m - w = 1. Suppose 0 = 2*k - 4*p, -6 = -m*k + 5*p - 2*p. What is the units digit of k?
4
Let m be 4*(-2)/(-8)*18. Let u = m + -16. Suppose -2*t = -l + u - 60, -t = l - 26. What is the units digit of t?
8
Let b = 8 - 4. Let f = -538 + 543. Suppose -w - f*p = -4*w + 68, -5*p + 79 = b*w. What is the units digit of w?
1
Let g be 16/6 + 4/(-6). Let n(c) = 40*c + 26. What is the hundreds digit of n(g)?
1
Let h(s) = 2*s**2 - 9*s - 2. Let c(g) = -2*g**2 + 8*g + 1. Let w(n) = -4*c(n) - 3*h(n). Let f be (-168)/16*(-8)/14. What is the tens digit of w(f)?
4
Let z(h) = -2*h**3 - 52*h**2 - 37*h - 9. What is the tens digit of z(-26)?
5
Let q(k) = -3*k**2 + 122*k + 14. What is the hundreds digit of q(23)?
2
Let p(t) = -73*t**2 - 6*t + 35. Let a be p(9). What is the hundreds digit of a/(-44) + (-8)/(-44)?
1
Suppose 0 = -2*v - v + 60. Let r = 45 - v. Suppose 3*i = 5 + r. What is the units digit of i?
0
What is the units digit of ((-54)/12 - -2) + (-2733)/(-6)?
3
What is the units digit of (4/2)/(7 - 5)?
1
What is the hundreds digit of 44/4 - 6 - -239?
2
Let h(o) = o**3 - 8*o**2 + o - 6. Let x be h(8). Suppose 4*k - 56 = -x*l, 4*l - 88 = k - 21. Let g = -1 + l. What is the tens digit of g?
1
Suppose 5*s + 106 = 2*j, 8*j = -3*s + 3*j - 45. Let u = s + 58. What is the units digit of u?
8
Suppose t - 30 = 5*q + 16, -t = -3*q - 36. What is the tens digit of t?
2
Let u = -6 - -12. Suppose 0 = 2*m + u*m + 1600. What is the tens digit of (1 - m/12)*3?
5
Let h be 1/(-1) + 720/9. Suppose -38 = 3*l - 2*z + h, -5*l - 2*z = 211. Let o = 69 + l. What is the units digit of o?
8
Let w be (15/(-2))/5*6/(-9). What is the tens digit of w/3 + (280/6 - 3)?
4
Suppose h + 2415 = 2*s, 38*s + 3*h + 2413 = 40*s. What is the thousands digit of s?
1
Let m(u) = 8*u - 30. Let b be ((4/6)/(-1))/(24/(-540)). What is the tens digit of m(b)?
9
Let q be 40/3 - (-16)/24. Let w = q - 12. Suppose 0 = -4*n + w*n + 6. What is the units digit of n?
3
Let c(t) = 29*t**2 + 13*t - 63. What is the tens digit of c(5)?
2
Let v(k) = -2*k**3 - 2*k**2 - 7*k + 7. What is the units digit of v(-4)?
1
What is the tens digit of 9/36 - 98/(-8)*7?
8
Let x be (-117)/(-27)*1*3. Let u = x - 9. Let m = u - -6. What is the tens digit of m?
1
Let i(o) = 95*o**3 - o**2 - 5*o + 8. What is the tens digit of i(2)?
5
Let p = 1555 + 242. What is the units digit of p?
7
Let t = -57 - -61. Suppose -148 = -t*j + 152. What is the units digit of j?
5
Let i(w) = w - 1. Let b(o) = -38*o - 6. Let u(y) = -b(y) + 5*i(y). What is the tens digit of u(1)?
4
Let w = -300 - -133. Let j be 3/18 + w/(-6). Let u = j + -15. What is the units digit of u?
3
Let f(h) = h**2 + 2*h - 4. Let g be f(-4). Let l = g - 2. Suppose z - 48 = -l*z. What is the tens digit of z?
1
Let j(p) = -16*p**3 - 3*p**2 + 8*p + 16. What is the tens digit of j(-4)?
6
Suppose -3*m + 528 = -2*j, -3*m + 706 = m - 2*j. Suppose -5*u = -7*u + m. What is the units digit of u?
9
Suppose -5*d - 2*m = 2*m + 9, 4*d - 2*m = -2. Let c be 4 + d + 0 + -6. Let s = 13 + c. What is the units digit of s?
0
Suppose -4*n + n - 3*l = -7329, 9780 = 4*n - 4*l. What is the thousands digit of n?
2
Let k be 0 + 1/6 - (-1633)/426. Suppose 8*j - k*j = -3*c + 123, -3*j - 5*c + 84 = 0. What is the units digit of j?
3
What is the units digit of 2/8 + (-3590)/(-8)?
9
Let i(h) = 101*h + 78. What is the units digit of i(9)?
7
Suppose -36 - 792 = -4*n. What is the hundreds digit of n?
2
Suppose -6*o + 4*o + 8 = -z, 12 = -4*o - 5*z. Suppose 4*a = 3*g + 130, 0 = -4*a - o*g - 0*g + 140. Let p = -22 + a. What is the units digit of p?
2
Let j(i) = 41*i + 22. Let h be j(-5). Let k = 258 + h. What is the units digit of k?
5
Suppose 23*n - 133 = 741. What is the tens digit of n?
3
Let s be 0/(1 + (1 - 0)). Let m = 23 + -19. Suppose s = u + 3 - m. What is the units digit of u?
1
Suppose -u - d + 1 = -3*d, 5*d - 38 = -2*u. What is the tens digit of (-3 - (67 - 1))*(-6)/u?
4
Let h(o) = -o**3 + 14*o**2 + 16*o + 35. What is the hundreds digit of h(14)?
2
Let y be (-155)/(-35) + (-4)/(-7). Suppose -s = y*h - 3*s + 7, s = -4*h - 16. What is the tens digit of 3 - (h + 4 - 18)?
2
Let j = -708 + 2237. What is the hundreds digit of j?
5
What is the hundreds digit of (20 - 14)*(-478)/(-6)?
4
Suppose -20*a - 5088 = -24*a. What is the thousands digit of a?
1
Let u(t) = t + 8. Suppose 0*s - 20 = 4*s. Let d be u(s). What is the units digit of (0 + 3)*5/d?
5
Let q(v) = -v**2 + 6. Let n be q(0). Let j = n - 5. What is the units digit of 0 + -1 + j + 9?
9
Suppose -5*v = 3*i - 32, -9 = -i - 4*v + 11. Suppose j = 2, j + 752 = i*n - j. Suppose -63 = -p - 2*d + 5*d, -3*p + 2*d = -n. What is the tens digit of p?
6
Let t(x) = x**2 - 31*x + 44. What is the units digit of t(-27)?
0
Suppose -9 = 2*z - 81. Suppose -14*u + 21 = 49. Let l = z - u. What is the tens digit of l?
3
Let x = 7 - 3. Suppose 65 = 5*u + m - x*m, -65 = -5*u + 2*m. Let j = 25 - u. What is the tens digit of j?
1
Suppose -x + 786 = 264. What is the units digit of x?
2
Let w = 17 + -17. Suppose -4*h + 0*h + 180 = w. Let c = -6 + h. What is the units digit of c?
9
Suppose -7*s + 5*s + 2057 = f, -3*f = -3. What is the tens digit of s?
2
Let p = 337 - 40. Suppose 9*l - 6*l - p = 0. What is the tens digit of l?
9
Suppose 4*m - 314 = -0*q + 2*q, 9 = 3*q. What is the tens digit of m?
8
Suppose -7*f = -8*f. Suppose -v + f = -3. Suppose 4*w - 15 = n, 8*n = v*n + 5*w. What is the units digit of n?
5
Suppose -3*m + 0*m - 2461 = -4*x, 619 = x - 2*m. What is the tens digit of x?
1
Suppose -3 = -3*i + 3*t, -5*i + 53 + 2 = 5*t. Let o(c) = -c**3 + 8*c**2 + 6*c - 9. What is the units digit of o(i)?
9
Let z = 316 + -212. Let q = z - 71. What is the tens digit of q?
3
Suppose 3*a + 2*c + 541 = 0, -a - 5*c = -2*c + 178. Let v = 290 + a. What is the hundreds digit of v?
1
Let d(b) = -17*b**3 - 6*b**2 - 6*b + 5. What is the hundreds digit of d(-3)?
4
What is the hundreds digit of -6 + (-9 - -742 - 8)?
7
Let j(b) = b**2 + b - 2. Let r be j(0). Let p be (r + 5)/(-3) - 11. What is the units digit of p/(-4) - (-12)/3?
7
Let x(u) = -u**3 - 6*u**2 + 18*u + 15. Let t be x(-8). What is the hundreds digit of t + 0 + 3*102?
3
Let u = -13 - -15. Let w be 1/(u/64*4). What is the units digit of (w/3)/(4/30)?
0
Let w = 8 + 200. Let b be 3/(6*1/w). Suppose -34 - b = -3*a. What is the tens digit of a?
4
Suppose x = -5*r + 5399, -2142 = -2*r + x + 3*x. What is the tens digit of r?
7
Let m(v) = -v**2 - 3*v + 4. Let o be m(-4). Suppose o = 3*i + 2*i - 10. Suppose -i*t + 45 = 3*p, -4*t - p - p = -70. What is the tens digit of t?
1
Let b be (-21)/(-4) - 5/20. Let d be (2 - 0)*(2 + b). Let u = d + 17. What is the tens digit of u?
3
Let p be -3 - ((-18)/(-3) + 4). Let b = 25 - p. Suppose -3*t + 2*r = -149, -t + 0*r + 3*r = -b. What is the units digit of t?
3
Suppose -969 = 7*h - 3706. What is the tens digit of h?
9
Suppose 2*r + 8 = 4*r. Suppose 4*y = y - 9. Let f = r + y. What is the units digit of f?
1
Let i = -166 - -315. Let a = 244 - i. What is the tens digit of a?
9
Let j = -4469 - -8030. What is the tens digit of j?
6
Let b = 7 + -4. Let k = 129 + -124. Suppose -b*x + 10 = -k. What is the units digit of x?
5
Suppose 2*o - 8 = 0, 4*o = 4*b - 70 + 430. Let n = b + 278. What is the hundreds digit of n?
1
Let x = 295 - -315. What is the tens digit of x?
1
Let g(q) = q + 9. Let u be g(-6). Suppose -u*p = -4*t + 16, 0 = 5*t - p + 2*p - 1. Let x = t + 13. What is the tens digit of x?
1
Suppose 0 = 3*k - 4*r - 1465, -2*k - 145 + 1123 = -4*r. What is the hundreds digit of k?
4
Let q(g) = -4*g - 3. Let p(m) = -28*m - 20. Let a(n) = 3*p(n) - 20*q(n). What is the tens digit of a(-13)?
5
Let c be (-3 + 1)*(-20)/10. Suppose 16 = x - 3*u, -3*x + c*u + 63 = -0*u. Let w = x - -2. What is the units digit of w?
7
Let n(g) = 0 + 3 - 8*g + 2*g**2 + 6*g. What is the tens digit of n(5)?
4
Let p(x) = x**2 - 2*x + 5. Let c be p(3). Suppose z - c = 63. What is the tens digit of z?
7
Let x(w) = -184*w**3 + w**2 + 4*w + 2. Suppose -2*j = -12*j - 10. What is